 92 a factor of 904457?
False
Is 11 a factor of 391505?
False
Is 3815455 a multiple of 21?
False
Is 8379450 a multiple of 8?
False
Is 26 a factor of 628446?
True
Is 92 a factor of 18869123?
False
Is 6103944 a multiple of 42?
True
Does 50 divide 1539402?
False
Is 16 a factor of 63712?
True
Is 572 a factor of 2996136?
True
Does 79 divide 146229?
True
Is 42 a factor of 4047666?
True
Is 11980 a multiple of 10?
True
Is 1194571 a multiple of 2?
False
Is 108545 a multiple of 88?
False
Does 626 divide 5326634?
True
Does 205 divide 1777965?
True
Is 61899 even?
False
Is 5143789 a multiple of 989?
True
Does 24 divide 442238?
False
Does 15 divide 7605540?
True
Does 4 divide 59992?
True
Is 43221 a multiple of 6?
False
Does 11 divide 10945?
True
Is 12662037 a multiple of 57?
True
Is 14534390 a multiple of 115?
True
Is 133 a factor of 418817?
True
Is 16 a factor of 288944?
True
Is 136 a factor of 142936?
True
Is 110 a factor of 2067120?
True
Is 109 a factor of 26171?
False
Is 55 a factor of 2143519?
False
Is 32 a factor of 321891?
False
Is 56127 a multiple of 10?
False
Is 387 a factor of 18963?
True
Is 9207820 a multiple of 851?
True
Is 84 a factor of 6323058?
False
Is 2 a factor of 31814?
True
Does 60 divide 1566210?
False
Does 172 divide 87055?
False
Is 166 a factor of 137946?
True
Does 400 divide 415272?
False
Does 6 divide 9156246?
True
Does 24 divide 90602?
False
Is 17250 a multiple of 46?
True
Does 4 divide 66450?
False
Is 12008958 a multiple of 94?
False
Is 2 a factor of 124666?
True
Is 81 a factor of 1034254?
False
Does 24 divide 133432?
False
Is 211 a factor of 836520?
False
Does 65 divide 333164?
False
Is 11 a factor of 86504?
True
Is 272297 a multiple of 15?
False
Does 140 divide 1026200?
True
Is 40734 a multiple of 73?
True
Is 7384136 a multiple of 283?
False
Is 4285494 a multiple of 27?
True
Is 15 a factor of 84540?
True
Is 28 a factor of 3612?
True
Is 133185 a multiple of 13?
True
Is 1480922 a multiple of 341?
False
Does 3276 divide 32868214?
False
Is 3787308 a multiple of 114?
True
Is 25 a factor of 81654?
False
Is 1617 a factor of 3001152?
True
Is 24 a factor of 51199?
False
Is 8 a factor of 28984?
True
Is 16856 a multiple of 56?
True
Does 85 divide 27642?
False
Is 26 a factor of 204698?
True
Does 558 divide 2406096?
True
Does 17 divide 10090?
False
Does 533 divide 358926?
False
Is 158848 a multiple of 34?
True
Does 228 divide 18368823?
False
Is 922541 a multiple of 40?
False
Is 51279 a multiple of 10?
False
Does 28 divide 808799?
False
Is 58607 a multiple of 7?
False
Is 1247580 a multiple of 580?
True
Is 97717 a multiple of 19?
True
Is 1925332 a multiple of 85?
False
Is 12 a factor of 130949?
False
Is 9024763 a multiple of 632?
False
Is 2137776 a multiple of 3?
True
Does 154 divide 342922?
False
Is 171110 a multiple of 10?
True
Is 27 a factor of 39690?
True
Is 129705 a multiple of 11?
False
Is 504729 a multiple of 4?
False
Does 12 divide 88560?
True
Is 7009 a multiple of 211?
False
Does 7 divide 807603?
False
Is 23 a factor of 2609129?
False
Does 13 divide 172185?
True
Is 7 a factor of 9268?
True
Is 24 a factor of 5337609?
False
Is 3491096 a multiple of 14?
True
Is 934 a factor of 675653?
False
Is 313902 a multiple of 14?
False
Is 820935 a multiple of 45?
True
Is 1390535 a multiple of 21?
False
Does 31 divide 166511?
False
Is 83398 a multiple of 74?
True
Is 1327 a factor of 4742698?
True
Is 162 a factor of 3920616?
False
Does 1461 divide 1218474?
True
Is 6 a factor of 855048?
True
Is 1483652 a multiple of 292?
True
Is 62 a factor of 836208?
False
Is 16268 a multiple of 18?
False
Is 156 a factor of 2723604?
True
Does 9 divide 64323?
True
Is 4420 a multiple of 130?
True
Is 23322880 a multiple of 20?
True
Is 522160 a multiple of 107?
True
Is 8213250 a multiple of 25?
True
Is 108 a factor of 298728?
True
Is 79 a factor of 9401?
True
Is 112548 a multiple of 73?
False
Does 7 divide 3208065?
True
Is 3 a factor of 510?
True
Is 12 a factor of 17770?
False
Does 72 divide 574803?
False
Is 3840584 a multiple of 30?
False
Does 56 divide 396932?
False
Is 39 a factor of 165882?
False
Is 2083620 a multiple of 847?
True
Is 68895 a multiple of 14?
False
Is 278496 a multiple of 12?
True
Is 430340 a multiple of 20?
True
Is 2080355 a multiple of 64?
False
Is 633517 a multiple of 19?
True
Is 91502 a multiple of 30?
False
Is 1029850 a multiple of 33?
False
Is 14 a factor of 103600?
True
Is 184 a factor of 1211653?
False
Is 187 a factor of 546040?
True
Is 2 a factor of 11912?
True
Does 9 divide 195183?
True
Does 88 divide 17952?
True
Is 310752 a multiple of 24?
True
Does 81 divide 617719?
False
Is 12 a factor of 662155?
False
Does 15 divide 4114835?
False
Is 5 a factor of 40368?
False
Is 1840210 a multiple of 137?
False
Does 16 divide 622007?
False
Is 107066 a multiple of 47?
True
Is 84816 a multiple of 171?
True
Is 5119375 a multiple of 556?
False
Is 1395 a multiple of 465?
True
Is 48 a factor of 2074893?
False
Is 66080 a multiple of 706?
False
Is 193 a factor of 18075415?
True
Is 25 a factor of 236275?
True
Does 4 divide 51816?
True
Is 146 a factor of 260749?
False
Does 296 divide 7415984?
True
Is 341525 a multiple of 25?
True
Is 2368986 a multiple of 216?
False
Is 394694 a multiple of 16?
False
Is 194 a factor of 110148?
False
Is 1962744 a multiple of 588?
True
Is 199 a factor of 228130?
False
Is 40 a factor of 667381?
False
Is 822788 a multiple of 58?
True
Does 17 divide 525504?
True
Does 198 divide 3312738?
True
Does 51 divide 22909?
False
Is 18098697 a multiple of 19?
True
Is 7 a factor of 65450?
True
Is 19 a factor of 113848?
True
Is 73344 a multiple of 3?
True
Does 254 divide 191262?
True
Does 5 divide 114996?
False
Is 6360378 a multiple of 1137?
True
Is 6 a factor of 352896?
True
Is 1145820 a multiple of 169?
True
Is 772057 a multiple of 58?
False
Does 21 divide 906910?
False
Does 399 divide 274498?
False
Is 3 a factor of 148801?
False
Is 418 a factor of 84774?
False
Is 742441 a multiple of 289?
True
Is 64586 a multiple of 41?
False
Is 39 a factor of 62367?
False
Does 225 divide 350100?
True
Is 115 a factor of 4943850?
True
Is 362 a factor of 222630?
True
Does 610 divide 1479250?
True
Is 220640 a multiple of 788?
True
Is 233 a factor of 14598?
False
Does 89 divide 627405?
False
Is 579335 a multiple of 59?
False
Does 16 divide 66512?
True
Is 66 a factor of 7970114?
False
Is 3 a factor of 10257?
True
Does 8 divide 889885?
False
Is 76776 a multiple of 2?
True
Is 3609469 a multiple of 14?
False
Is 3218827 a multiple of 23?
True
Is 9 a factor of 410469?
False
Is 17838 a multiple of 4?
False
Is 38 a factor of 1610136?
True
Is 9 a factor of 53091?
True
Is 17854 a multiple of 142?
False
Is 287 a factor of 387732?
False
Does 43 divide 49708?
True
Is 542 a factor of 7829190?
True
Does 106 divide 9617274?
True
Is 122389 a multiple of 26?
False
Is 376479 a multiple of 15?
False
Is 90396 a multiple of 62?
True
Does 54 divide 560606?
False
Is 626718 a multiple of 134?
True
Is 66 a factor of 8632201?
False
Is 411915 a multiple of 223?
False
Is 130862 a multiple of 13?
False
Is 752381 a multiple of 5?
False
Is 850605 a multiple of 70?
False
Is 55 a factor of 102764?
False
Is 47 a factor of 400158?
True
Is 88 a factor of 1209560?
True
Does 166 divide 16869179?
False
Does 34 divide 2763302?
False
Does 16 divide 341472?
True
Is 207 a factor of 237015?
True
Is 8655806 a multiple of 586?
True
Is 2718495 a multiple of 15?
True
Is 462240 a multiple of 180?
True
Is 116920 a multiple of 40?
True
Does 56 divide 978430?
False
Is 1512522 a multiple of 1028?
False
Is 615110 a multiple of 91?
False
Is 10 a factor of 568124?
False
Is 320 a factor of 8830707?
False
Does 11 divide 1839674?
False
Does 4 divide 45949?
False
Is 217 a factor of 548584?
False
Does 12 divide 140304?
True
Does 8 divide 14664?
True
Does 34 divide 763866?
False
Does 1418 divide 12599131?
False
Does 6 divide 170352?
True
Does 59 divide 52184?
False
Is 178 a factor of 327343?
False
Is 21105554 a multiple of 53?
True
Does 5 divide 49959?
False
Is 1323150 a multiple of 10?
True
Is 31 a factor of 1635775?
False
Is 6264510 a multiple of 966?
True
Does 4 divide 4097148?
True
Is 2667076 a multiple of 279?
False
Is 15 a factor of 430095?
True
Does 8 divide 11736400?
True
Does 387 divide 280710?
False
Is 604372 a multi